{"version":"1.0","provider_name":"Ensemble Baroque ORFEO","provider_url":"https:\/\/ensembleorfeo.fr","title":"Les Larmes de l'exil - Ensemble Baroque ORFEO","type":"rich","width":600,"height":338,"html":"<blockquote class=\"wp-embedded-content\" data-secret=\"bTKT4fYCXf\"><a href=\"https:\/\/ensembleorfeo.fr\/index.php\/2019\/03\/17\/les-larmes-de-lexil\/\">Les Larmes de l&rsquo;exil<\/a><\/blockquote><iframe sandbox=\"allow-scripts\" security=\"restricted\" src=\"https:\/\/ensembleorfeo.fr\/index.php\/2019\/03\/17\/les-larmes-de-lexil\/embed\/#?secret=bTKT4fYCXf\" width=\"600\" height=\"338\" title=\"\u00ab\u00a0Les Larmes de l&rsquo;exil\u00a0\u00bb &#8212; Ensemble Baroque ORFEO\" data-secret=\"bTKT4fYCXf\" frameborder=\"0\" marginwidth=\"0\" marginheight=\"0\" scrolling=\"no\" class=\"wp-embedded-content\"><\/iframe><script>\n\/*! This file is auto-generated *\/\n!function(d,l){\"use strict\";l.querySelector&&d.addEventListener&&\"undefined\"!=typeof URL&&(d.wp=d.wp||{},d.wp.receiveEmbedMessage||(d.wp.receiveEmbedMessage=function(e){var t=e.data;if((t||t.secret||t.message||t.value)&&!\/[^a-zA-Z0-9]\/.test(t.secret)){for(var s,r,n,a=l.querySelectorAll('iframe[data-secret=\"'+t.secret+'\"]'),o=l.querySelectorAll('blockquote[data-secret=\"'+t.secret+'\"]'),c=new RegExp(\"^https?:$\",\"i\"),i=0;i<o.length;i++)o[i].style.display=\"none\";for(i=0;i<a.length;i++)s=a[i],e.source===s.contentWindow&&(s.removeAttribute(\"style\"),\"height\"===t.message?(1e3<(r=parseInt(t.value,10))?r=1e3:~~r<200&&(r=200),s.height=r):\"link\"===t.message&&(r=new URL(s.getAttribute(\"src\")),n=new URL(t.value),c.test(n.protocol))&&n.host===r.host&&l.activeElement===s&&(d.top.location.href=t.value))}},d.addEventListener(\"message\",d.wp.receiveEmbedMessage,!1),l.addEventListener(\"DOMContentLoaded\",function(){for(var e,t,s=l.querySelectorAll(\"iframe.wp-embedded-content\"),r=0;r<s.length;r++)(t=(e=s[r]).getAttribute(\"data-secret\"))||(t=Math.random().toString(36).substring(2,12),e.src+=\"#?secret=\"+t,e.setAttribute(\"data-secret\",t)),e.contentWindow.postMessage({message:\"ready\",secret:t},\"*\")},!1)))}(window,document);\n\/\/# sourceURL=https:\/\/ensembleorfeo.fr\/wp-includes\/js\/wp-embed.min.js\n<\/script>\n","description":"Au XVIII\u00b0 si\u00e8cle, Venise et l\u2019Italie du Nord regorgent de musiciens dou\u00e9s qui r\u00eavent de se faire un nom. Aussi c\u00e8dent-ils souvent aux propositions, m\u00eame vagues, de princes et de ducs venus d\u2019Autriche et d\u2019Allemagne, riches seigneurs qui veulent la meilleure qualit\u00e9 \u00e0 la mode italienne pour leur chapelle et leur op\u00e9ra. Nous ignorons ce &hellip; Continuer la lecture de &laquo;&nbsp;&nbsp;&raquo;","thumbnail_url":"http:\/\/ensembleorfeo.fr\/wp-content\/uploads\/2018\/03\/separateur-60px-300x27.jpg"}

Au XVIII° siècle, Venise et l’Italie du Nord regorgent de musiciens doués qui rêvent de se faire un nom. Aussi cèdent-ils souvent aux propositions, même vagues, de princes et de ducs venus d’Autriche et d’Allemagne, riches seigneurs qui veulent la meilleure qualité à la mode italienne pour leur chapelle et leur opéra. Nous ignorons ce &hellip; Continuer la lecture de &laquo;&nbsp;&nbsp;&raquo;
