{"id":343,"date":"2017-03-19T19:04:37","date_gmt":"2017-03-19T18:04:37","guid":{"rendered":"http:\/\/exoneration-taxe-habitation.fr\/?page_id=2"},"modified":"2021-11-22T14:33:28","modified_gmt":"2021-11-22T13:33:28","slug":"francoise-richard","status":"publish","type":"page","link":"https:\/\/ensembleorfeo.fr\/index.php\/francoise-richard\/","title":{"rendered":"Fran\u00e7oise Richard"},"content":{"rendered":"\n<div class=\"wp-block-media-text alignwide is-stacked-on-mobile is-vertically-aligned-bottom is-image-fill\"><figure class=\"wp-block-media-text__media\" style=\"background-image:url(https:\/\/ensembleorfeo.fr\/wp-content\/uploads\/2021\/03\/2008-07-Journee-Quebec-660x1024.jpg);background-position:64% 50%\"><img loading=\"lazy\" decoding=\"async\" width=\"660\" height=\"1024\" src=\"https:\/\/ensembleorfeo.fr\/wp-content\/uploads\/2021\/03\/2008-07-Journee-Quebec-660x1024.jpg\" alt=\"\" class=\"wp-image-4245 size-large\" srcset=\"https:\/\/ensembleorfeo.fr\/wp-content\/uploads\/2021\/03\/2008-07-Journee-Quebec-660x1024.jpg 660w, https:\/\/ensembleorfeo.fr\/wp-content\/uploads\/2021\/03\/2008-07-Journee-Quebec-193x300.jpg 193w, https:\/\/ensembleorfeo.fr\/wp-content\/uploads\/2021\/03\/2008-07-Journee-Quebec-768x1191.jpg 768w, https:\/\/ensembleorfeo.fr\/wp-content\/uploads\/2021\/03\/2008-07-Journee-Quebec-990x1536.jpg 990w, https:\/\/ensembleorfeo.fr\/wp-content\/uploads\/2021\/03\/2008-07-Journee-Quebec.jpg 998w\" sizes=\"auto, (max-width: 660px) 100vw, 660px\" \/><\/figure><div class=\"wp-block-media-text__content\">\n<p class=\"has-drop-cap has-normal-font-size\">Quiconque na\u00eet \u00e0 Bayonne chante de bonne heure, en gascon, basque, espagnol ou latin. Apr\u00e8s une modeste pratique du piano, Fran\u00e7oise Richard fait \u00e0 Bordeaux et Metz de belles \u00e9tudes litt\u00e9raires\u00a0 qui se concluent par une agr\u00e9gation de Lettres modernes et m\u00eame une licence d\u2019anglais.<\/p>\n<\/div><\/div>\n\n\n\n<p>Mais apr\u00e8s rencontre, en Lorraine, de l\u2019\u0153uvre de Bach et du chant choral, c\u2019est l\u2019amour fou pour la musique ancienne. Sans cesser d\u2019enseigner la litt\u00e9rature et le latin, notre Bayonnaise se met au clavecin et au chant baroque lors de tr\u00e8s nombreux stages et d\u2019un vrai cursus au Conservatoire de Toulouse, couronn\u00e9 par un Prix de chant (en 1989) et un solide bagage en clavecin, basse continue, ornementation, histoire et stylistique.<\/p>\n\n\n\n<p>Mais sans attendre les dipl\u00f4mes, Fran\u00e7oise Richard a d\u00e9j\u00e0 fond\u00e9 Orfeo qui illustre d\u00e8s 1987 une id\u00e9e tr\u00e8s originale du chant choral&nbsp;: un petit groupe quand r\u00e9gnaient les grosses chorales, un travail individuel des voix pour aborder peu \u00e0 peu le solo, un r\u00e9pertoire bien cibl\u00e9 chant\u00e9 avec le style adapt\u00e9, un gros travail sur la diction et l\u2019expression.<\/p>\n\n\n\n<p>Orfeo a \u00e9t\u00e9 accompagn\u00e9 d\u00e8s le d\u00e9but d\u2019instrumentistes\u00a0\u00a0sp\u00e9cialistes du baroque, m\u00eame s\u2019ils \u00e9taient encore rares et si les conservatoires leur faisaient grise mine. Ces musiciens ont souvent carte blanche pour interpr\u00e9ter des pi\u00e8ces de leur choix, assorties au th\u00e8me bien\u00a0\u00a0d\u00e9fini\u00a0\u00a0du concert.<\/p>\n\n\n\n<p>Quant au r\u00e9pertoire, d\u00e9j\u00e0 tr\u00e8s vaste il y a 30 ans, il ne cesse de s\u2019enrichir. Les chercheurs d\u00e9terrent, recopient, \u00e9ditent des volumes de musique oubli\u00e9e, \u00e0 pr\u00e9sent disponible sur internet. Bien s\u00fbr, le chef, comme les ma\u00eetres de chapelle de l\u2019\u00e8re baroque, doit ma\u00eetriser l\u2019art de transcrire, transposer, chiffrer les accords, corriger les erreurs de l&rsquo;\u00e9dition, et parfois composer le petit bout qui manque\u2026<\/p>\n\n\n\n<p>Et apr\u00e8s tant d\u2019ann\u00e9es de pratique et de connaissances accumul\u00e9es, Fran\u00e7oise Richard, apr\u00e8s avoir enseign\u00e9 le chant et donn\u00e9 des cours d\u2019\u00e9t\u00e9, suit encore des acad\u00e9mies\u00a0\u00a0en basse continue, par exemple celle de La R\u00e9ole en 2020\u00a0: le baroque est un mouvement perp\u00e9tuel\u00a0!<\/p>\n\n\n\n<figure class=\"wp-block-gallery columns-1 is-cropped wp-block-gallery-1 is-layout-flex wp-block-gallery-is-layout-flex\"><ul class=\"blocks-gallery-grid\"><li class=\"blocks-gallery-item\"><figure><img loading=\"lazy\" decoding=\"async\" width=\"983\" height=\"1024\" src=\"https:\/\/ensembleorfeo.fr\/wp-content\/uploads\/2021\/04\/ROMA-ORFEO-157-983x1024.jpg\" alt=\"\" data-id=\"4254\" data-full-url=\"https:\/\/ensembleorfeo.fr\/wp-content\/uploads\/2021\/04\/ROMA-ORFEO-157.jpg\" data-link=\"https:\/\/ensembleorfeo.fr\/index.php\/francoise-richard\/roma-orfeo-157\/\" class=\"wp-image-4254\" srcset=\"https:\/\/ensembleorfeo.fr\/wp-content\/uploads\/2021\/04\/ROMA-ORFEO-157-983x1024.jpg 983w, https:\/\/ensembleorfeo.fr\/wp-content\/uploads\/2021\/04\/ROMA-ORFEO-157-288x300.jpg 288w, https:\/\/ensembleorfeo.fr\/wp-content\/uploads\/2021\/04\/ROMA-ORFEO-157-768x800.jpg 768w, https:\/\/ensembleorfeo.fr\/wp-content\/uploads\/2021\/04\/ROMA-ORFEO-157-1475x1536.jpg 1475w, https:\/\/ensembleorfeo.fr\/wp-content\/uploads\/2021\/04\/ROMA-ORFEO-157.jpg 1576w\" sizes=\"auto, (max-width: 706px) 89vw, (max-width: 767px) 82vw, 740px\" \/><\/figure><\/li><\/ul><\/figure>\n","protected":false},"excerpt":{"rendered":"<p>Quiconque na\u00eet \u00e0 Bayonne chante de bonne heure, en gascon, basque, espagnol ou latin. Apr\u00e8s une modeste pratique du piano, Fran\u00e7oise Richard fait \u00e0 Bordeaux et Metz de belles \u00e9tudes litt\u00e9raires\u00a0 qui se concluent par une agr\u00e9gation de Lettres modernes et m\u00eame une licence d\u2019anglais. Mais apr\u00e8s rencontre, en Lorraine, de l\u2019\u0153uvre de Bach et &hellip; <\/p>\n<p class=\"link-more\"><a href=\"https:\/\/ensembleorfeo.fr\/index.php\/francoise-richard\/\" class=\"more-link\">Continuer la lecture<span class=\"screen-reader-text\"> de &laquo;&nbsp;Fran\u00e7oise Richard&nbsp;&raquo;<\/span><\/a><\/p>\n","protected":false},"author":40,"featured_media":0,"parent":0,"menu_order":0,"comment_status":"closed","ping_status":"closed","template":"","meta":{"footnotes":""},"class_list":["post-343","page","type-page","status-publish","hentry"],"yoast_head":"<!-- This site is optimized with the Yoast SEO plugin v27.4 - https:\/\/yoast.com\/product\/yoast-seo-wordpress\/ -->\n<title>Fran\u00e7oise Richard - Ensemble Baroque ORFEO<\/title>\n<meta name=\"robots\" content=\"index, follow, max-snippet:-1, max-image-preview:large, max-video-preview:-1\" \/>\n<link rel=\"canonical\" href=\"https:\/\/ensembleorfeo.fr\/index.php\/francoise-richard\/\" \/>\n<meta property=\"og:locale\" content=\"fr_FR\" \/>\n<meta property=\"og:type\" content=\"article\" \/>\n<meta property=\"og:title\" content=\"Fran\u00e7oise Richard - Ensemble Baroque ORFEO\" \/>\n<meta property=\"og:description\" content=\"Quiconque na\u00eet \u00e0 Bayonne chante de bonne heure, en gascon, basque, espagnol ou latin. Apr\u00e8s une modeste pratique du piano, Fran\u00e7oise Richard fait \u00e0 Bordeaux et Metz de belles \u00e9tudes litt\u00e9raires\u00a0 qui se concluent par une agr\u00e9gation de Lettres modernes et m\u00eame une licence d\u2019anglais. Mais apr\u00e8s rencontre, en Lorraine, de l\u2019\u0153uvre de Bach et &hellip; Continuer la lecture de &laquo;&nbsp;Fran\u00e7oise Richard&nbsp;&raquo;\" \/>\n<meta property=\"og:url\" content=\"https:\/\/ensembleorfeo.fr\/index.php\/francoise-richard\/\" \/>\n<meta property=\"og:site_name\" content=\"Ensemble Baroque ORFEO\" \/>\n<meta property=\"article:publisher\" content=\"https:\/\/www.facebook.com\/EnsembleOrfeo\/?eid=ARBaSR5WLVdmM60fRG9yuuJ0b1Yim05jQtqKqDw4YF6tKXNytAcqvv9ptI6tm6sIvwhxDEL7dlWbab1J\" \/>\n<meta property=\"article:modified_time\" content=\"2021-11-22T13:33:28+00:00\" \/>\n<meta property=\"og:image\" content=\"https:\/\/ensembleorfeo.fr\/wp-content\/uploads\/2021\/03\/2008-07-Journee-Quebec-660x1024.jpg\" \/>\n<meta name=\"twitter:card\" content=\"summary_large_image\" \/>\n<meta name=\"twitter:label1\" content=\"Dur\u00e9e de lecture estim\u00e9e\" \/>\n\t<meta name=\"twitter:data1\" content=\"2 minutes\" \/>\n<script type=\"application\/ld+json\" class=\"yoast-schema-graph\">{\"@context\":\"https:\\\/\\\/schema.org\",\"@graph\":[{\"@type\":\"WebPage\",\"@id\":\"https:\\\/\\\/ensembleorfeo.fr\\\/index.php\\\/francoise-richard\\\/\",\"url\":\"https:\\\/\\\/ensembleorfeo.fr\\\/index.php\\\/francoise-richard\\\/\",\"name\":\"Fran\u00e7oise Richard - Ensemble Baroque ORFEO\",\"isPartOf\":{\"@id\":\"https:\\\/\\\/ensembleorfeo.fr\\\/#website\"},\"primaryImageOfPage\":{\"@id\":\"https:\\\/\\\/ensembleorfeo.fr\\\/index.php\\\/francoise-richard\\\/#primaryimage\"},\"image\":{\"@id\":\"https:\\\/\\\/ensembleorfeo.fr\\\/index.php\\\/francoise-richard\\\/#primaryimage\"},\"thumbnailUrl\":\"https:\\\/\\\/ensembleorfeo.fr\\\/wp-content\\\/uploads\\\/2021\\\/03\\\/2008-07-Journee-Quebec-660x1024.jpg\",\"datePublished\":\"2017-03-19T18:04:37+00:00\",\"dateModified\":\"2021-11-22T13:33:28+00:00\",\"breadcrumb\":{\"@id\":\"https:\\\/\\\/ensembleorfeo.fr\\\/index.php\\\/francoise-richard\\\/#breadcrumb\"},\"inLanguage\":\"fr-FR\",\"potentialAction\":[{\"@type\":\"ReadAction\",\"target\":[\"https:\\\/\\\/ensembleorfeo.fr\\\/index.php\\\/francoise-richard\\\/\"]}]},{\"@type\":\"ImageObject\",\"inLanguage\":\"fr-FR\",\"@id\":\"https:\\\/\\\/ensembleorfeo.fr\\\/index.php\\\/francoise-richard\\\/#primaryimage\",\"url\":\"https:\\\/\\\/ensembleorfeo.fr\\\/wp-content\\\/uploads\\\/2021\\\/03\\\/2008-07-Journee-Quebec.jpg\",\"contentUrl\":\"https:\\\/\\\/ensembleorfeo.fr\\\/wp-content\\\/uploads\\\/2021\\\/03\\\/2008-07-Journee-Quebec.jpg\",\"width\":998,\"height\":1548},{\"@type\":\"BreadcrumbList\",\"@id\":\"https:\\\/\\\/ensembleorfeo.fr\\\/index.php\\\/francoise-richard\\\/#breadcrumb\",\"itemListElement\":[{\"@type\":\"ListItem\",\"position\":1,\"name\":\"Accueil\",\"item\":\"https:\\\/\\\/ensembleorfeo.fr\\\/\"},{\"@type\":\"ListItem\",\"position\":2,\"name\":\"Fran\u00e7oise Richard\"}]},{\"@type\":\"WebSite\",\"@id\":\"https:\\\/\\\/ensembleorfeo.fr\\\/#website\",\"url\":\"https:\\\/\\\/ensembleorfeo.fr\\\/\",\"name\":\"Ensemble Baroque Orfeo\",\"description\":\"Direction Fran\u00e7oise Richard\",\"publisher\":{\"@id\":\"https:\\\/\\\/ensembleorfeo.fr\\\/#organization\"},\"potentialAction\":[{\"@type\":\"SearchAction\",\"target\":{\"@type\":\"EntryPoint\",\"urlTemplate\":\"https:\\\/\\\/ensembleorfeo.fr\\\/?s={search_term_string}\"},\"query-input\":{\"@type\":\"PropertyValueSpecification\",\"valueRequired\":true,\"valueName\":\"search_term_string\"}}],\"inLanguage\":\"fr-FR\"},{\"@type\":\"Organization\",\"@id\":\"https:\\\/\\\/ensembleorfeo.fr\\\/#organization\",\"name\":\"Ensemble Baroque Orfeo\",\"url\":\"https:\\\/\\\/ensembleorfeo.fr\\\/\",\"logo\":{\"@type\":\"ImageObject\",\"inLanguage\":\"fr-FR\",\"@id\":\"https:\\\/\\\/ensembleorfeo.fr\\\/#\\\/schema\\\/logo\\\/image\\\/\",\"url\":\"https:\\\/\\\/ensembleorfeo.fr\\\/wp-content\\\/uploads\\\/2018\\\/03\\\/Logo-Orfeo.jpg\",\"contentUrl\":\"https:\\\/\\\/ensembleorfeo.fr\\\/wp-content\\\/uploads\\\/2018\\\/03\\\/Logo-Orfeo.jpg\",\"width\":1671,\"height\":2156,\"caption\":\"Ensemble Baroque Orfeo\"},\"image\":{\"@id\":\"https:\\\/\\\/ensembleorfeo.fr\\\/#\\\/schema\\\/logo\\\/image\\\/\"},\"sameAs\":[\"https:\\\/\\\/www.facebook.com\\\/EnsembleOrfeo\\\/?eid=ARBaSR5WLVdmM60fRG9yuuJ0b1Yim05jQtqKqDw4YF6tKXNytAcqvv9ptI6tm6sIvwhxDEL7dlWbab1J\"]}]}<\/script>\n<!-- \/ Yoast SEO plugin. -->","yoast_head_json":{"title":"Fran\u00e7oise Richard - Ensemble Baroque ORFEO","robots":{"index":"index","follow":"follow","max-snippet":"max-snippet:-1","max-image-preview":"max-image-preview:large","max-video-preview":"max-video-preview:-1"},"canonical":"https:\/\/ensembleorfeo.fr\/index.php\/francoise-richard\/","og_locale":"fr_FR","og_type":"article","og_title":"Fran\u00e7oise Richard - Ensemble Baroque ORFEO","og_description":"Quiconque na\u00eet \u00e0 Bayonne chante de bonne heure, en gascon, basque, espagnol ou latin. Apr\u00e8s une modeste pratique du piano, Fran\u00e7oise Richard fait \u00e0 Bordeaux et Metz de belles \u00e9tudes litt\u00e9raires\u00a0 qui se concluent par une agr\u00e9gation de Lettres modernes et m\u00eame une licence d\u2019anglais. Mais apr\u00e8s rencontre, en Lorraine, de l\u2019\u0153uvre de Bach et &hellip; Continuer la lecture de &laquo;&nbsp;Fran\u00e7oise Richard&nbsp;&raquo;","og_url":"https:\/\/ensembleorfeo.fr\/index.php\/francoise-richard\/","og_site_name":"Ensemble Baroque ORFEO","article_publisher":"https:\/\/www.facebook.com\/EnsembleOrfeo\/?eid=ARBaSR5WLVdmM60fRG9yuuJ0b1Yim05jQtqKqDw4YF6tKXNytAcqvv9ptI6tm6sIvwhxDEL7dlWbab1J","article_modified_time":"2021-11-22T13:33:28+00:00","og_image":[{"url":"https:\/\/ensembleorfeo.fr\/wp-content\/uploads\/2021\/03\/2008-07-Journee-Quebec-660x1024.jpg","type":"","width":"","height":""}],"twitter_card":"summary_large_image","twitter_misc":{"Dur\u00e9e de lecture estim\u00e9e":"2 minutes"},"schema":{"@context":"https:\/\/schema.org","@graph":[{"@type":"WebPage","@id":"https:\/\/ensembleorfeo.fr\/index.php\/francoise-richard\/","url":"https:\/\/ensembleorfeo.fr\/index.php\/francoise-richard\/","name":"Fran\u00e7oise Richard - Ensemble Baroque ORFEO","isPartOf":{"@id":"https:\/\/ensembleorfeo.fr\/#website"},"primaryImageOfPage":{"@id":"https:\/\/ensembleorfeo.fr\/index.php\/francoise-richard\/#primaryimage"},"image":{"@id":"https:\/\/ensembleorfeo.fr\/index.php\/francoise-richard\/#primaryimage"},"thumbnailUrl":"https:\/\/ensembleorfeo.fr\/wp-content\/uploads\/2021\/03\/2008-07-Journee-Quebec-660x1024.jpg","datePublished":"2017-03-19T18:04:37+00:00","dateModified":"2021-11-22T13:33:28+00:00","breadcrumb":{"@id":"https:\/\/ensembleorfeo.fr\/index.php\/francoise-richard\/#breadcrumb"},"inLanguage":"fr-FR","potentialAction":[{"@type":"ReadAction","target":["https:\/\/ensembleorfeo.fr\/index.php\/francoise-richard\/"]}]},{"@type":"ImageObject","inLanguage":"fr-FR","@id":"https:\/\/ensembleorfeo.fr\/index.php\/francoise-richard\/#primaryimage","url":"https:\/\/ensembleorfeo.fr\/wp-content\/uploads\/2021\/03\/2008-07-Journee-Quebec.jpg","contentUrl":"https:\/\/ensembleorfeo.fr\/wp-content\/uploads\/2021\/03\/2008-07-Journee-Quebec.jpg","width":998,"height":1548},{"@type":"BreadcrumbList","@id":"https:\/\/ensembleorfeo.fr\/index.php\/francoise-richard\/#breadcrumb","itemListElement":[{"@type":"ListItem","position":1,"name":"Accueil","item":"https:\/\/ensembleorfeo.fr\/"},{"@type":"ListItem","position":2,"name":"Fran\u00e7oise Richard"}]},{"@type":"WebSite","@id":"https:\/\/ensembleorfeo.fr\/#website","url":"https:\/\/ensembleorfeo.fr\/","name":"Ensemble Baroque Orfeo","description":"Direction Fran\u00e7oise Richard","publisher":{"@id":"https:\/\/ensembleorfeo.fr\/#organization"},"potentialAction":[{"@type":"SearchAction","target":{"@type":"EntryPoint","urlTemplate":"https:\/\/ensembleorfeo.fr\/?s={search_term_string}"},"query-input":{"@type":"PropertyValueSpecification","valueRequired":true,"valueName":"search_term_string"}}],"inLanguage":"fr-FR"},{"@type":"Organization","@id":"https:\/\/ensembleorfeo.fr\/#organization","name":"Ensemble Baroque Orfeo","url":"https:\/\/ensembleorfeo.fr\/","logo":{"@type":"ImageObject","inLanguage":"fr-FR","@id":"https:\/\/ensembleorfeo.fr\/#\/schema\/logo\/image\/","url":"https:\/\/ensembleorfeo.fr\/wp-content\/uploads\/2018\/03\/Logo-Orfeo.jpg","contentUrl":"https:\/\/ensembleorfeo.fr\/wp-content\/uploads\/2018\/03\/Logo-Orfeo.jpg","width":1671,"height":2156,"caption":"Ensemble Baroque Orfeo"},"image":{"@id":"https:\/\/ensembleorfeo.fr\/#\/schema\/logo\/image\/"},"sameAs":["https:\/\/www.facebook.com\/EnsembleOrfeo\/?eid=ARBaSR5WLVdmM60fRG9yuuJ0b1Yim05jQtqKqDw4YF6tKXNytAcqvv9ptI6tm6sIvwhxDEL7dlWbab1J"]}]}},"_links":{"self":[{"href":"https:\/\/ensembleorfeo.fr\/index.php\/wp-json\/wp\/v2\/pages\/343","targetHints":{"allow":["GET"]}}],"collection":[{"href":"https:\/\/ensembleorfeo.fr\/index.php\/wp-json\/wp\/v2\/pages"}],"about":[{"href":"https:\/\/ensembleorfeo.fr\/index.php\/wp-json\/wp\/v2\/types\/page"}],"author":[{"embeddable":true,"href":"https:\/\/ensembleorfeo.fr\/index.php\/wp-json\/wp\/v2\/users\/40"}],"replies":[{"embeddable":true,"href":"https:\/\/ensembleorfeo.fr\/index.php\/wp-json\/wp\/v2\/comments?post=343"}],"version-history":[{"count":18,"href":"https:\/\/ensembleorfeo.fr\/index.php\/wp-json\/wp\/v2\/pages\/343\/revisions"}],"predecessor-version":[{"id":4616,"href":"https:\/\/ensembleorfeo.fr\/index.php\/wp-json\/wp\/v2\/pages\/343\/revisions\/4616"}],"wp:attachment":[{"href":"https:\/\/ensembleorfeo.fr\/index.php\/wp-json\/wp\/v2\/media?parent=343"}],"curies":[{"name":"wp","href":"https:\/\/api.w.org\/{rel}","templated":true}]}}