{"id":4562,"date":"2021-11-14T22:42:36","date_gmt":"2021-11-14T21:42:36","guid":{"rendered":"https:\/\/ensembleorfeo.fr\/?page_id=4562"},"modified":"2023-07-27T22:25:27","modified_gmt":"2023-07-27T20:25:27","slug":"concerts-2021","status":"publish","type":"page","link":"https:\/\/ensembleorfeo.fr\/index.php\/concerts-2021\/","title":{"rendered":"Concerts 2021"},"content":{"rendered":"\n<p class=\"has-text-align-center\"><span style=\"color: #ff6600;\"><em><span class=\"has-inline-color has-luminous-vivid-orange-color\">En 2021, 3 concerts ont \u00e9t\u00e9 an<\/span><\/em><\/span><span class=\"has-inline-color has-luminous-vivid-orange-color\"><i style=\"color: rgb(255, 102, 0);\">nul\u00e9s en raison du Covid19<\/i><\/span><\/p>\n\n\n\n<h2 class=\"wp-block-heading has-text-align-center\"><strong>2021<\/strong><\/h2>\n\n\n\n<ul class=\"wp-block-list\">\n<li>&nbsp;<strong>&nbsp;<span class=\"has-inline-color has-luminous-vivid-amber-color\"> <\/span><span class=\"has-inline-color has-luminous-vivid-orange-color\">6 mars<\/span> \u2013 Salle Br\u00e9montier &#8211; Ar\u00e8s &#8211; 20h30.<\/strong><\/li>\n<\/ul>\n\n\n\n<p><strong>Musique au ch\u00e2teau &#8211; de Sceaux \u00e0 Versailles :<\/strong>&nbsp;Concert en costumes d&rsquo;\u00e9poque (Lully &#8211; Charpentier &#8211; Mouret &#8211; Mondonville).  <span style=\"color: #ff6600;\"><strong><span class=\"has-inline-color has-vivid-red-color\">A<em>nnul\u00e9<\/em><\/span><\/strong><\/span><\/p>\n\n\n<div class=\"wp-block-image\">\n<figure class=\"aligncenter\"><img loading=\"lazy\" decoding=\"async\" width=\"300\" height=\"27\" src=\"http:\/\/ensembleorfeo.fr\/wp-content\/uploads\/2018\/03\/separateur-60px-300x27.jpg\" alt=\"\" class=\"wp-image-682\" srcset=\"https:\/\/ensembleorfeo.fr\/wp-content\/uploads\/2018\/03\/separateur-60px-300x27.jpg 300w, https:\/\/ensembleorfeo.fr\/wp-content\/uploads\/2018\/03\/separateur-60px.jpg 659w\" sizes=\"auto, (max-width: 300px) 100vw, 300px\" \/><\/figure>\n<\/div>\n\n\n<ul class=\"wp-block-list\">\n<li>&nbsp;<strong>&nbsp;<span class=\"has-inline-color has-luminous-vivid-orange-color\"> 19 mars<\/span> \u2013 Eglise St Bruno &#8211; Bordeaux &#8211; 20h30.<\/strong><\/li>\n<\/ul>\n\n\n\n<p><strong>Semaine sainte \u00e0 Vienne :<\/strong>&nbsp;Stabat mater (Caldara &#8211; Tuma).  <strong><em><span style=\"color: #ff6600;\"><strong><em><span style=\"color: #ff6600;\"><strong><span class=\"has-inline-color has-vivid-red-color\">A<em>nnul\u00e9<\/em><\/span><\/strong><\/span><\/em><\/strong><\/span><\/em><\/strong><\/p>\n\n\n<div class=\"wp-block-image\">\n<figure class=\"aligncenter\"><img loading=\"lazy\" decoding=\"async\" width=\"300\" height=\"27\" src=\"http:\/\/ensembleorfeo.fr\/wp-content\/uploads\/2018\/03\/separateur-60px-300x27.jpg\" alt=\"\" class=\"wp-image-682\" srcset=\"https:\/\/ensembleorfeo.fr\/wp-content\/uploads\/2018\/03\/separateur-60px-300x27.jpg 300w, https:\/\/ensembleorfeo.fr\/wp-content\/uploads\/2018\/03\/separateur-60px.jpg 659w\" sizes=\"auto, (max-width: 300px) 100vw, 300px\" \/><\/figure>\n<\/div>\n\n\n<ul class=\"wp-block-list\">\n<li>&nbsp;<strong><span class=\"has-inline-color has-luminous-vivid-orange-color\">&nbsp;<\/span> <span class=\"has-inline-color has-luminous-vivid-orange-color\">21 mars<\/span> \u2013 Eglise de Pessac &#8211; 17h.<\/strong><\/li>\n<\/ul>\n\n\n\n<p><strong>Semaine sainte \u00e0 Vienne :<\/strong>&nbsp;Stabat mater (Caldara &#8211; Tuma). <strong><em><span class=\"has-inline-color has-vivid-red-color\">Annul\u00e9<\/span><\/em><\/strong><\/p>\n\n\n<div class=\"wp-block-image\">\n<figure class=\"aligncenter\"><img loading=\"lazy\" decoding=\"async\" width=\"300\" height=\"27\" src=\"http:\/\/ensembleorfeo.fr\/wp-content\/uploads\/2018\/03\/separateur-60px-300x27.jpg\" alt=\"\" class=\"wp-image-682\" srcset=\"https:\/\/ensembleorfeo.fr\/wp-content\/uploads\/2018\/03\/separateur-60px-300x27.jpg 300w, https:\/\/ensembleorfeo.fr\/wp-content\/uploads\/2018\/03\/separateur-60px.jpg 659w\" sizes=\"auto, (max-width: 300px) 100vw, 300px\" \/><\/figure>\n<\/div>\n\n\n<ul class=\"wp-block-list\">\n<li>&nbsp;<strong><span class=\"has-inline-color has-luminous-vivid-orange-color\">&nbsp; 1er juillet<\/span> \u2013 Eglise St Bruno &#8211; Bordeaux &#8211; 21h.<\/strong><\/li>\n<\/ul>\n\n\n\n<p><strong>Semaine sainte \u00e0 Vienne :<\/strong>&nbsp;Stabat mater (Caldara &#8211; Tuma).<\/p>\n\n\n<div class=\"wp-block-image\">\n<figure class=\"aligncenter\"><img loading=\"lazy\" decoding=\"async\" width=\"300\" height=\"27\" src=\"http:\/\/ensembleorfeo.fr\/wp-content\/uploads\/2018\/03\/separateur-60px-300x27.jpg\" alt=\"\" class=\"wp-image-682\" srcset=\"https:\/\/ensembleorfeo.fr\/wp-content\/uploads\/2018\/03\/separateur-60px-300x27.jpg 300w, https:\/\/ensembleorfeo.fr\/wp-content\/uploads\/2018\/03\/separateur-60px.jpg 659w\" sizes=\"auto, (max-width: 300px) 100vw, 300px\" \/><\/figure>\n<\/div>\n\n\n<ul class=\"wp-block-list\">\n<li>&nbsp;<strong>&nbsp; <span class=\"has-inline-color has-luminous-vivid-orange-color\">2 octobre<\/span> \u2013 Eglise St Vincent &#8211; M\u00e9rignac &#8211; 20h30.<\/strong><\/li>\n<\/ul>\n\n\n\n<p><strong>Semaine sainte \u00e0 Vienne :<\/strong>&nbsp;Stabat mater (Caldara &#8211; Tuma).<\/p>\n\n\n<div class=\"wp-block-image\">\n<figure class=\"aligncenter\"><img loading=\"lazy\" decoding=\"async\" width=\"300\" height=\"27\" src=\"http:\/\/ensembleorfeo.fr\/wp-content\/uploads\/2018\/03\/separateur-60px-300x27.jpg\" alt=\"\" class=\"wp-image-682\" srcset=\"https:\/\/ensembleorfeo.fr\/wp-content\/uploads\/2018\/03\/separateur-60px-300x27.jpg 300w, https:\/\/ensembleorfeo.fr\/wp-content\/uploads\/2018\/03\/separateur-60px.jpg 659w\" sizes=\"auto, (max-width: 300px) 100vw, 300px\" \/><\/figure>\n<\/div>\n\n\n<ul class=\"wp-block-list\">\n<li>&nbsp;<strong>&nbsp; <span class=\"has-inline-color has-luminous-vivid-orange-color\">4 d\u00e9cembre<\/span> \u2013 Eglise St Augustin &#8211; Bordeaux &#8211; 20h30.<\/strong><\/li>\n<\/ul>\n\n\n\n<p><strong>No\u00ebl baroque :<\/strong>&nbsp;ch\u0153ur, orgue et instruments anciens <\/p>\n\n\n<div class=\"wp-block-image\">\n<figure class=\"aligncenter\"><img loading=\"lazy\" decoding=\"async\" width=\"300\" height=\"27\" src=\"http:\/\/ensembleorfeo.fr\/wp-content\/uploads\/2018\/03\/separateur-60px-300x27.jpg\" alt=\"\" class=\"wp-image-682\" srcset=\"https:\/\/ensembleorfeo.fr\/wp-content\/uploads\/2018\/03\/separateur-60px-300x27.jpg 300w, https:\/\/ensembleorfeo.fr\/wp-content\/uploads\/2018\/03\/separateur-60px.jpg 659w\" sizes=\"auto, (max-width: 300px) 100vw, 300px\" \/><\/figure>\n<\/div>\n\n\n<ul class=\"wp-block-list\">\n<li>&nbsp;<strong>&nbsp; <span class=\"has-inline-color has-luminous-vivid-orange-color\">12 d\u00e9cembre<\/span> \u2013 Eglise de Cr\u00e9on (Entre-Deux-Mers) &#8211; 16h30<\/strong><\/li>\n<\/ul>\n\n\n\n<p style=\"line-height:1\">Dans le cadre de la saison des Amis de l&rsquo;orgue de Notre Dame de Cr\u00e9on<\/p>\n\n\n\n<p><strong>No\u00ebl baroque :<\/strong>&nbsp;ch\u0153ur, orgue et instruments anciens <\/p>\n\n\n<div class=\"wp-block-image\">\n<figure class=\"aligncenter\"><img loading=\"lazy\" decoding=\"async\" width=\"300\" height=\"27\" src=\"http:\/\/ensembleorfeo.fr\/wp-content\/uploads\/2018\/03\/separateur-60px-300x27.jpg\" alt=\"\" class=\"wp-image-682\" srcset=\"https:\/\/ensembleorfeo.fr\/wp-content\/uploads\/2018\/03\/separateur-60px-300x27.jpg 300w, https:\/\/ensembleorfeo.fr\/wp-content\/uploads\/2018\/03\/separateur-60px.jpg 659w\" sizes=\"auto, (max-width: 300px) 100vw, 300px\" \/><\/figure>\n<\/div>","protected":false},"excerpt":{"rendered":"<p>En 2021, 3 concerts ont \u00e9t\u00e9 annul\u00e9s en raison du Covid19 2021 Musique au ch\u00e2teau &#8211; de Sceaux \u00e0 Versailles :&nbsp;Concert en costumes d&rsquo;\u00e9poque (Lully &#8211; Charpentier &#8211; Mouret &#8211; Mondonville). Annul\u00e9 Semaine sainte \u00e0 Vienne :&nbsp;Stabat mater (Caldara &#8211; Tuma). Annul\u00e9 Semaine sainte \u00e0 Vienne :&nbsp;Stabat mater (Caldara &#8211; Tuma). Annul\u00e9 Semaine sainte \u00e0 &hellip; <\/p>\n<p class=\"link-more\"><a href=\"https:\/\/ensembleorfeo.fr\/index.php\/concerts-2021\/\" class=\"more-link\">Continuer la lecture<span class=\"screen-reader-text\"> de &laquo;&nbsp;Concerts 2021&nbsp;&raquo;<\/span><\/a><\/p>\n","protected":false},"author":39,"featured_media":0,"parent":0,"menu_order":0,"comment_status":"closed","ping_status":"closed","template":"","meta":{"footnotes":""},"class_list":["post-4562","page","type-page","status-publish","hentry"],"yoast_head":"<!-- This site is optimized with the Yoast SEO plugin v27.5 - https:\/\/yoast.com\/product\/yoast-seo-wordpress\/ -->\n<title>Concerts 2021 - Ensemble Baroque ORFEO<\/title>\n<meta name=\"robots\" content=\"index, follow, max-snippet:-1, max-image-preview:large, max-video-preview:-1\" \/>\n<link rel=\"canonical\" href=\"https:\/\/ensembleorfeo.fr\/index.php\/concerts-2021\/\" \/>\n<meta property=\"og:locale\" content=\"fr_FR\" \/>\n<meta property=\"og:type\" content=\"article\" \/>\n<meta property=\"og:title\" content=\"Concerts 2021 - Ensemble Baroque ORFEO\" \/>\n<meta property=\"og:description\" content=\"En 2021, 3 concerts ont \u00e9t\u00e9 annul\u00e9s en raison du Covid19 2021 Musique au ch\u00e2teau &#8211; de Sceaux \u00e0 Versailles :&nbsp;Concert en costumes d&rsquo;\u00e9poque (Lully &#8211; Charpentier &#8211; Mouret &#8211; Mondonville). Annul\u00e9 Semaine sainte \u00e0 Vienne :&nbsp;Stabat mater (Caldara &#8211; Tuma). Annul\u00e9 Semaine sainte \u00e0 Vienne :&nbsp;Stabat mater (Caldara &#8211; Tuma). Annul\u00e9 Semaine sainte \u00e0 &hellip; Continuer la lecture de &laquo;&nbsp;Concerts 2021&nbsp;&raquo;\" \/>\n<meta property=\"og:url\" content=\"https:\/\/ensembleorfeo.fr\/index.php\/concerts-2021\/\" \/>\n<meta property=\"og:site_name\" content=\"Ensemble Baroque ORFEO\" \/>\n<meta property=\"article:publisher\" content=\"https:\/\/www.facebook.com\/EnsembleOrfeo\/?eid=ARBaSR5WLVdmM60fRG9yuuJ0b1Yim05jQtqKqDw4YF6tKXNytAcqvv9ptI6tm6sIvwhxDEL7dlWbab1J\" \/>\n<meta property=\"article:modified_time\" content=\"2023-07-27T20:25:27+00:00\" \/>\n<meta property=\"og:image\" content=\"http:\/\/ensembleorfeo.fr\/wp-content\/uploads\/2018\/03\/separateur-60px-300x27.jpg\" \/>\n<meta name=\"twitter:card\" content=\"summary_large_image\" \/>\n<meta name=\"twitter:label1\" content=\"Dur\u00e9e de lecture estim\u00e9e\" \/>\n\t<meta name=\"twitter:data1\" content=\"3 minutes\" \/>\n<script type=\"application\/ld+json\" class=\"yoast-schema-graph\">{\"@context\":\"https:\\\/\\\/schema.org\",\"@graph\":[{\"@type\":\"WebPage\",\"@id\":\"https:\\\/\\\/ensembleorfeo.fr\\\/index.php\\\/concerts-2021\\\/\",\"url\":\"https:\\\/\\\/ensembleorfeo.fr\\\/index.php\\\/concerts-2021\\\/\",\"name\":\"Concerts 2021 - Ensemble Baroque ORFEO\",\"isPartOf\":{\"@id\":\"https:\\\/\\\/ensembleorfeo.fr\\\/#website\"},\"primaryImageOfPage\":{\"@id\":\"https:\\\/\\\/ensembleorfeo.fr\\\/index.php\\\/concerts-2021\\\/#primaryimage\"},\"image\":{\"@id\":\"https:\\\/\\\/ensembleorfeo.fr\\\/index.php\\\/concerts-2021\\\/#primaryimage\"},\"thumbnailUrl\":\"http:\\\/\\\/ensembleorfeo.fr\\\/wp-content\\\/uploads\\\/2018\\\/03\\\/separateur-60px-300x27.jpg\",\"datePublished\":\"2021-11-14T21:42:36+00:00\",\"dateModified\":\"2023-07-27T20:25:27+00:00\",\"breadcrumb\":{\"@id\":\"https:\\\/\\\/ensembleorfeo.fr\\\/index.php\\\/concerts-2021\\\/#breadcrumb\"},\"inLanguage\":\"fr-FR\",\"potentialAction\":[{\"@type\":\"ReadAction\",\"target\":[\"https:\\\/\\\/ensembleorfeo.fr\\\/index.php\\\/concerts-2021\\\/\"]}]},{\"@type\":\"ImageObject\",\"inLanguage\":\"fr-FR\",\"@id\":\"https:\\\/\\\/ensembleorfeo.fr\\\/index.php\\\/concerts-2021\\\/#primaryimage\",\"url\":\"https:\\\/\\\/ensembleorfeo.fr\\\/wp-content\\\/uploads\\\/2018\\\/03\\\/separateur-60px.jpg\",\"contentUrl\":\"https:\\\/\\\/ensembleorfeo.fr\\\/wp-content\\\/uploads\\\/2018\\\/03\\\/separateur-60px.jpg\",\"width\":659,\"height\":60},{\"@type\":\"BreadcrumbList\",\"@id\":\"https:\\\/\\\/ensembleorfeo.fr\\\/index.php\\\/concerts-2021\\\/#breadcrumb\",\"itemListElement\":[{\"@type\":\"ListItem\",\"position\":1,\"name\":\"Accueil\",\"item\":\"https:\\\/\\\/ensembleorfeo.fr\\\/\"},{\"@type\":\"ListItem\",\"position\":2,\"name\":\"Concerts 2021\"}]},{\"@type\":\"WebSite\",\"@id\":\"https:\\\/\\\/ensembleorfeo.fr\\\/#website\",\"url\":\"https:\\\/\\\/ensembleorfeo.fr\\\/\",\"name\":\"Ensemble Baroque Orfeo\",\"description\":\"Direction Fran\u00e7oise Richard\",\"publisher\":{\"@id\":\"https:\\\/\\\/ensembleorfeo.fr\\\/#organization\"},\"potentialAction\":[{\"@type\":\"SearchAction\",\"target\":{\"@type\":\"EntryPoint\",\"urlTemplate\":\"https:\\\/\\\/ensembleorfeo.fr\\\/?s={search_term_string}\"},\"query-input\":{\"@type\":\"PropertyValueSpecification\",\"valueRequired\":true,\"valueName\":\"search_term_string\"}}],\"inLanguage\":\"fr-FR\"},{\"@type\":\"Organization\",\"@id\":\"https:\\\/\\\/ensembleorfeo.fr\\\/#organization\",\"name\":\"Ensemble Baroque Orfeo\",\"url\":\"https:\\\/\\\/ensembleorfeo.fr\\\/\",\"logo\":{\"@type\":\"ImageObject\",\"inLanguage\":\"fr-FR\",\"@id\":\"https:\\\/\\\/ensembleorfeo.fr\\\/#\\\/schema\\\/logo\\\/image\\\/\",\"url\":\"https:\\\/\\\/ensembleorfeo.fr\\\/wp-content\\\/uploads\\\/2018\\\/03\\\/Logo-Orfeo.jpg\",\"contentUrl\":\"https:\\\/\\\/ensembleorfeo.fr\\\/wp-content\\\/uploads\\\/2018\\\/03\\\/Logo-Orfeo.jpg\",\"width\":1671,\"height\":2156,\"caption\":\"Ensemble Baroque Orfeo\"},\"image\":{\"@id\":\"https:\\\/\\\/ensembleorfeo.fr\\\/#\\\/schema\\\/logo\\\/image\\\/\"},\"sameAs\":[\"https:\\\/\\\/www.facebook.com\\\/EnsembleOrfeo\\\/?eid=ARBaSR5WLVdmM60fRG9yuuJ0b1Yim05jQtqKqDw4YF6tKXNytAcqvv9ptI6tm6sIvwhxDEL7dlWbab1J\"]}]}<\/script>\n<!-- \/ Yoast SEO plugin. -->","yoast_head_json":{"title":"Concerts 2021 - Ensemble Baroque ORFEO","robots":{"index":"index","follow":"follow","max-snippet":"max-snippet:-1","max-image-preview":"max-image-preview:large","max-video-preview":"max-video-preview:-1"},"canonical":"https:\/\/ensembleorfeo.fr\/index.php\/concerts-2021\/","og_locale":"fr_FR","og_type":"article","og_title":"Concerts 2021 - Ensemble Baroque ORFEO","og_description":"En 2021, 3 concerts ont \u00e9t\u00e9 annul\u00e9s en raison du Covid19 2021 Musique au ch\u00e2teau &#8211; de Sceaux \u00e0 Versailles :&nbsp;Concert en costumes d&rsquo;\u00e9poque (Lully &#8211; Charpentier &#8211; Mouret &#8211; Mondonville). Annul\u00e9 Semaine sainte \u00e0 Vienne :&nbsp;Stabat mater (Caldara &#8211; Tuma). Annul\u00e9 Semaine sainte \u00e0 Vienne :&nbsp;Stabat mater (Caldara &#8211; Tuma). Annul\u00e9 Semaine sainte \u00e0 &hellip; Continuer la lecture de &laquo;&nbsp;Concerts 2021&nbsp;&raquo;","og_url":"https:\/\/ensembleorfeo.fr\/index.php\/concerts-2021\/","og_site_name":"Ensemble Baroque ORFEO","article_publisher":"https:\/\/www.facebook.com\/EnsembleOrfeo\/?eid=ARBaSR5WLVdmM60fRG9yuuJ0b1Yim05jQtqKqDw4YF6tKXNytAcqvv9ptI6tm6sIvwhxDEL7dlWbab1J","article_modified_time":"2023-07-27T20:25:27+00:00","og_image":[{"url":"http:\/\/ensembleorfeo.fr\/wp-content\/uploads\/2018\/03\/separateur-60px-300x27.jpg","type":"","width":"","height":""}],"twitter_card":"summary_large_image","twitter_misc":{"Dur\u00e9e de lecture estim\u00e9e":"3 minutes"},"schema":{"@context":"https:\/\/schema.org","@graph":[{"@type":"WebPage","@id":"https:\/\/ensembleorfeo.fr\/index.php\/concerts-2021\/","url":"https:\/\/ensembleorfeo.fr\/index.php\/concerts-2021\/","name":"Concerts 2021 - Ensemble Baroque ORFEO","isPartOf":{"@id":"https:\/\/ensembleorfeo.fr\/#website"},"primaryImageOfPage":{"@id":"https:\/\/ensembleorfeo.fr\/index.php\/concerts-2021\/#primaryimage"},"image":{"@id":"https:\/\/ensembleorfeo.fr\/index.php\/concerts-2021\/#primaryimage"},"thumbnailUrl":"http:\/\/ensembleorfeo.fr\/wp-content\/uploads\/2018\/03\/separateur-60px-300x27.jpg","datePublished":"2021-11-14T21:42:36+00:00","dateModified":"2023-07-27T20:25:27+00:00","breadcrumb":{"@id":"https:\/\/ensembleorfeo.fr\/index.php\/concerts-2021\/#breadcrumb"},"inLanguage":"fr-FR","potentialAction":[{"@type":"ReadAction","target":["https:\/\/ensembleorfeo.fr\/index.php\/concerts-2021\/"]}]},{"@type":"ImageObject","inLanguage":"fr-FR","@id":"https:\/\/ensembleorfeo.fr\/index.php\/concerts-2021\/#primaryimage","url":"https:\/\/ensembleorfeo.fr\/wp-content\/uploads\/2018\/03\/separateur-60px.jpg","contentUrl":"https:\/\/ensembleorfeo.fr\/wp-content\/uploads\/2018\/03\/separateur-60px.jpg","width":659,"height":60},{"@type":"BreadcrumbList","@id":"https:\/\/ensembleorfeo.fr\/index.php\/concerts-2021\/#breadcrumb","itemListElement":[{"@type":"ListItem","position":1,"name":"Accueil","item":"https:\/\/ensembleorfeo.fr\/"},{"@type":"ListItem","position":2,"name":"Concerts 2021"}]},{"@type":"WebSite","@id":"https:\/\/ensembleorfeo.fr\/#website","url":"https:\/\/ensembleorfeo.fr\/","name":"Ensemble Baroque Orfeo","description":"Direction Fran\u00e7oise Richard","publisher":{"@id":"https:\/\/ensembleorfeo.fr\/#organization"},"potentialAction":[{"@type":"SearchAction","target":{"@type":"EntryPoint","urlTemplate":"https:\/\/ensembleorfeo.fr\/?s={search_term_string}"},"query-input":{"@type":"PropertyValueSpecification","valueRequired":true,"valueName":"search_term_string"}}],"inLanguage":"fr-FR"},{"@type":"Organization","@id":"https:\/\/ensembleorfeo.fr\/#organization","name":"Ensemble Baroque Orfeo","url":"https:\/\/ensembleorfeo.fr\/","logo":{"@type":"ImageObject","inLanguage":"fr-FR","@id":"https:\/\/ensembleorfeo.fr\/#\/schema\/logo\/image\/","url":"https:\/\/ensembleorfeo.fr\/wp-content\/uploads\/2018\/03\/Logo-Orfeo.jpg","contentUrl":"https:\/\/ensembleorfeo.fr\/wp-content\/uploads\/2018\/03\/Logo-Orfeo.jpg","width":1671,"height":2156,"caption":"Ensemble Baroque Orfeo"},"image":{"@id":"https:\/\/ensembleorfeo.fr\/#\/schema\/logo\/image\/"},"sameAs":["https:\/\/www.facebook.com\/EnsembleOrfeo\/?eid=ARBaSR5WLVdmM60fRG9yuuJ0b1Yim05jQtqKqDw4YF6tKXNytAcqvv9ptI6tm6sIvwhxDEL7dlWbab1J"]}]}},"_links":{"self":[{"href":"https:\/\/ensembleorfeo.fr\/index.php\/wp-json\/wp\/v2\/pages\/4562","targetHints":{"allow":["GET"]}}],"collection":[{"href":"https:\/\/ensembleorfeo.fr\/index.php\/wp-json\/wp\/v2\/pages"}],"about":[{"href":"https:\/\/ensembleorfeo.fr\/index.php\/wp-json\/wp\/v2\/types\/page"}],"author":[{"embeddable":true,"href":"https:\/\/ensembleorfeo.fr\/index.php\/wp-json\/wp\/v2\/users\/39"}],"replies":[{"embeddable":true,"href":"https:\/\/ensembleorfeo.fr\/index.php\/wp-json\/wp\/v2\/comments?post=4562"}],"version-history":[{"count":7,"href":"https:\/\/ensembleorfeo.fr\/index.php\/wp-json\/wp\/v2\/pages\/4562\/revisions"}],"predecessor-version":[{"id":4980,"href":"https:\/\/ensembleorfeo.fr\/index.php\/wp-json\/wp\/v2\/pages\/4562\/revisions\/4980"}],"wp:attachment":[{"href":"https:\/\/ensembleorfeo.fr\/index.php\/wp-json\/wp\/v2\/media?parent=4562"}],"curies":[{"name":"wp","href":"https:\/\/api.w.org\/{rel}","templated":true}]}}