{"id":73,"date":"2017-09-16T17:42:01","date_gmt":"2017-09-16T15:42:01","guid":{"rendered":"http:\/\/exoneration-taxe-habitation.fr\/?page_id=73"},"modified":"2020-01-20T11:04:00","modified_gmt":"2020-01-20T10:04:00","slug":"engager-orfeo","status":"publish","type":"page","link":"https:\/\/ensembleorfeo.fr\/index.php\/engager-orfeo\/","title":{"rendered":"Engager Orfeo"},"content":{"rendered":"<p style=\"text-align: justify;\">Vous repr\u00e9sentez une municipalit\u00e9, un festival, une association ou seulement vous-m\u00eame,\u00a0et vous souhaitez organiser un concert baroque ?<\/p>\n<p style=\"text-align: justify;\">Orfeo a une longue exp\u00e9rience en ce domaine pour avoir n\u00e9goci\u00e9 des dizaines de concerts, avec des collectivit\u00e9s territoriales de toutes tailles.<\/p>\n<h2 style=\"text-align: justify;\">Comment proc\u00e9der\u00a0?<\/h2>\n<p style=\"text-align: justify;\">Vous\u00a0<a href=\"http:\/\/ensembleorfeo.fr\/index.php\/poser-une-question\/\">nous contactez<\/a> par courrier \u00e9lectronique ou par t\u00e9l\u00e9phone (05 56 80 04 86) en pr\u00e9cisant votre budget, le lieu et la p\u00e9riode pr\u00e9vue.<\/p>\n<p style=\"text-align: justify;\">Orfeo donne toujours ses concerts avec des <strong>instrumentistes baroques professionnels<\/strong>, le minimum \u00e9tant de 2, soit un continuo comprenant un orgue ou un clavecin (les n\u00f4tres) et un violoncelle ou viole de gambe. Le budget dans ce cas est d\u2019environ 1200\u20ac et il augmente \u00e0 proportion du nombre de musiciens\u00a0; cet effectif permet lui-m\u00eame une plus grande vari\u00e9t\u00e9 de r\u00e9pertoire\u00a0: avec un violon et m\u00eame 2, on a acc\u00e8s \u00e0 grand nombre d\u2019\u0153uvres sacr\u00e9es ou sc\u00e8nes d\u2019op\u00e9ra. Si vous \u00eates riche de 12 000\u20ac, vous aurez un bel orchestre et des solistes de grande qualit\u00e9, et tous les budgets interm\u00e9diaires sont possibles. Bien entendu, tous les artistes r\u00e9mun\u00e9r\u00e9s sont int\u00e9gralement d\u00e9clar\u00e9s.<\/p>\n<p style=\"text-align: justify;\">Les chanteurs d\u2019Orfeo ayant un solide niveau, il ne leur faut pas longtemps pour pr\u00e9parer un <strong>programme \u00e0 vos mesures\u00a0<\/strong>et bien des combinaisons sont possibles (voir la rubrique Programmes) entre musique sacr\u00e9e et profane, sc\u00e8nes d\u2019op\u00e9ra infernales ou rustiques, hommage \u00e0 Bacchus et au vin. Nous sommes tr\u00e8s soucieux de toucher tous les publics et nos concerts alternent ch\u0153urs, soli et pi\u00e8ces instrumentales pour une plus grande <strong>vari\u00e9t\u00e9. <\/strong><\/p>\n<p style=\"text-align: justify;\">Orfeo dispose aussi de <strong>costumes<\/strong> inspir\u00e9s de ceux du XVIII\u00b0 qui ajoutent un attrait visuel. Nous fournissons un dossier de presse et un programme pr\u00eat \u00e0 photocopier et, gr\u00e2ce \u00e0 notre site et \u00e0 nos listes internet, nous participons \u00e0 la <strong>communication<\/strong> relative au concert.<\/p>\n<p style=\"text-align: justify;\">Notre but est de faire entendre aussi souvent et largement que possible la musique dont nous sommes de vrais sp\u00e9cialistes, de faire travailler des instrumentistes de talent et de proposer <strong>des concerts de grande qualit\u00e9 pour un budget\u00a0tr\u00e8s raisonnable.<\/strong><\/p>\n","protected":false},"excerpt":{"rendered":"<p>Vous repr\u00e9sentez une municipalit\u00e9, un festival, une association ou seulement vous-m\u00eame,\u00a0et vous souhaitez organiser un concert baroque ? Orfeo a une longue exp\u00e9rience en ce domaine pour avoir n\u00e9goci\u00e9 des dizaines de concerts, avec des collectivit\u00e9s territoriales de toutes tailles. Comment proc\u00e9der\u00a0? Vous\u00a0nous contactez par courrier \u00e9lectronique ou par t\u00e9l\u00e9phone (05 56 80 04 86) &hellip; <\/p>\n<p class=\"link-more\"><a href=\"https:\/\/ensembleorfeo.fr\/index.php\/engager-orfeo\/\" class=\"more-link\">Continuer la lecture<span class=\"screen-reader-text\"> de &laquo;&nbsp;Engager Orfeo&nbsp;&raquo;<\/span><\/a><\/p>\n","protected":false},"author":40,"featured_media":780,"parent":0,"menu_order":0,"comment_status":"closed","ping_status":"closed","template":"","meta":{"footnotes":""},"class_list":["post-73","page","type-page","status-publish","has-post-thumbnail","hentry"],"yoast_head":"<!-- This site is optimized with the Yoast SEO plugin v27.5 - https:\/\/yoast.com\/product\/yoast-seo-wordpress\/ -->\n<title>Engager Orfeo - Ensemble Baroque ORFEO<\/title>\n<meta name=\"robots\" content=\"index, follow, max-snippet:-1, max-image-preview:large, max-video-preview:-1\" \/>\n<link rel=\"canonical\" href=\"https:\/\/ensembleorfeo.fr\/index.php\/engager-orfeo\/\" \/>\n<meta property=\"og:locale\" content=\"fr_FR\" \/>\n<meta property=\"og:type\" content=\"article\" \/>\n<meta property=\"og:title\" content=\"Engager Orfeo - Ensemble Baroque ORFEO\" \/>\n<meta property=\"og:description\" content=\"Vous repr\u00e9sentez une municipalit\u00e9, un festival, une association ou seulement vous-m\u00eame,\u00a0et vous souhaitez organiser un concert baroque ? Orfeo a une longue exp\u00e9rience en ce domaine pour avoir n\u00e9goci\u00e9 des dizaines de concerts, avec des collectivit\u00e9s territoriales de toutes tailles. Comment proc\u00e9der\u00a0? Vous\u00a0nous contactez par courrier \u00e9lectronique ou par t\u00e9l\u00e9phone (05 56 80 04 86) &hellip; Continuer la lecture de &laquo;&nbsp;Engager Orfeo&nbsp;&raquo;\" \/>\n<meta property=\"og:url\" content=\"https:\/\/ensembleorfeo.fr\/index.php\/engager-orfeo\/\" \/>\n<meta property=\"og:site_name\" content=\"Ensemble Baroque ORFEO\" \/>\n<meta property=\"article:publisher\" content=\"https:\/\/www.facebook.com\/EnsembleOrfeo\/?eid=ARBaSR5WLVdmM60fRG9yuuJ0b1Yim05jQtqKqDw4YF6tKXNytAcqvv9ptI6tm6sIvwhxDEL7dlWbab1J\" \/>\n<meta property=\"article:modified_time\" content=\"2020-01-20T10:04:00+00:00\" \/>\n<meta property=\"og:image\" content=\"https:\/\/ensembleorfeo.fr\/wp-content\/uploads\/2018\/03\/MusiqueBaroque-e1520709088760.jpg\" \/>\n\t<meta property=\"og:image:width\" content=\"980\" \/>\n\t<meta property=\"og:image:height\" content=\"309\" \/>\n\t<meta property=\"og:image:type\" content=\"image\/jpeg\" \/>\n<meta name=\"twitter:card\" content=\"summary_large_image\" \/>\n<meta name=\"twitter:label1\" content=\"Dur\u00e9e de lecture estim\u00e9e\" \/>\n\t<meta name=\"twitter:data1\" content=\"2 minutes\" \/>\n<script type=\"application\/ld+json\" class=\"yoast-schema-graph\">{\"@context\":\"https:\\\/\\\/schema.org\",\"@graph\":[{\"@type\":\"WebPage\",\"@id\":\"https:\\\/\\\/ensembleorfeo.fr\\\/index.php\\\/engager-orfeo\\\/\",\"url\":\"https:\\\/\\\/ensembleorfeo.fr\\\/index.php\\\/engager-orfeo\\\/\",\"name\":\"Engager Orfeo - Ensemble Baroque ORFEO\",\"isPartOf\":{\"@id\":\"https:\\\/\\\/ensembleorfeo.fr\\\/#website\"},\"primaryImageOfPage\":{\"@id\":\"https:\\\/\\\/ensembleorfeo.fr\\\/index.php\\\/engager-orfeo\\\/#primaryimage\"},\"image\":{\"@id\":\"https:\\\/\\\/ensembleorfeo.fr\\\/index.php\\\/engager-orfeo\\\/#primaryimage\"},\"thumbnailUrl\":\"https:\\\/\\\/ensembleorfeo.fr\\\/wp-content\\\/uploads\\\/2018\\\/03\\\/MusiqueBaroque-e1520709088760.jpg\",\"datePublished\":\"2017-09-16T15:42:01+00:00\",\"dateModified\":\"2020-01-20T10:04:00+00:00\",\"breadcrumb\":{\"@id\":\"https:\\\/\\\/ensembleorfeo.fr\\\/index.php\\\/engager-orfeo\\\/#breadcrumb\"},\"inLanguage\":\"fr-FR\",\"potentialAction\":[{\"@type\":\"ReadAction\",\"target\":[\"https:\\\/\\\/ensembleorfeo.fr\\\/index.php\\\/engager-orfeo\\\/\"]}]},{\"@type\":\"ImageObject\",\"inLanguage\":\"fr-FR\",\"@id\":\"https:\\\/\\\/ensembleorfeo.fr\\\/index.php\\\/engager-orfeo\\\/#primaryimage\",\"url\":\"https:\\\/\\\/ensembleorfeo.fr\\\/wp-content\\\/uploads\\\/2018\\\/03\\\/MusiqueBaroque-e1520709088760.jpg\",\"contentUrl\":\"https:\\\/\\\/ensembleorfeo.fr\\\/wp-content\\\/uploads\\\/2018\\\/03\\\/MusiqueBaroque-e1520709088760.jpg\",\"width\":980,\"height\":309},{\"@type\":\"BreadcrumbList\",\"@id\":\"https:\\\/\\\/ensembleorfeo.fr\\\/index.php\\\/engager-orfeo\\\/#breadcrumb\",\"itemListElement\":[{\"@type\":\"ListItem\",\"position\":1,\"name\":\"Accueil\",\"item\":\"https:\\\/\\\/ensembleorfeo.fr\\\/\"},{\"@type\":\"ListItem\",\"position\":2,\"name\":\"Engager Orfeo\"}]},{\"@type\":\"WebSite\",\"@id\":\"https:\\\/\\\/ensembleorfeo.fr\\\/#website\",\"url\":\"https:\\\/\\\/ensembleorfeo.fr\\\/\",\"name\":\"Ensemble Baroque Orfeo\",\"description\":\"Direction Fran\u00e7oise Richard\",\"publisher\":{\"@id\":\"https:\\\/\\\/ensembleorfeo.fr\\\/#organization\"},\"potentialAction\":[{\"@type\":\"SearchAction\",\"target\":{\"@type\":\"EntryPoint\",\"urlTemplate\":\"https:\\\/\\\/ensembleorfeo.fr\\\/?s={search_term_string}\"},\"query-input\":{\"@type\":\"PropertyValueSpecification\",\"valueRequired\":true,\"valueName\":\"search_term_string\"}}],\"inLanguage\":\"fr-FR\"},{\"@type\":\"Organization\",\"@id\":\"https:\\\/\\\/ensembleorfeo.fr\\\/#organization\",\"name\":\"Ensemble Baroque Orfeo\",\"url\":\"https:\\\/\\\/ensembleorfeo.fr\\\/\",\"logo\":{\"@type\":\"ImageObject\",\"inLanguage\":\"fr-FR\",\"@id\":\"https:\\\/\\\/ensembleorfeo.fr\\\/#\\\/schema\\\/logo\\\/image\\\/\",\"url\":\"https:\\\/\\\/ensembleorfeo.fr\\\/wp-content\\\/uploads\\\/2018\\\/03\\\/Logo-Orfeo.jpg\",\"contentUrl\":\"https:\\\/\\\/ensembleorfeo.fr\\\/wp-content\\\/uploads\\\/2018\\\/03\\\/Logo-Orfeo.jpg\",\"width\":1671,\"height\":2156,\"caption\":\"Ensemble Baroque Orfeo\"},\"image\":{\"@id\":\"https:\\\/\\\/ensembleorfeo.fr\\\/#\\\/schema\\\/logo\\\/image\\\/\"},\"sameAs\":[\"https:\\\/\\\/www.facebook.com\\\/EnsembleOrfeo\\\/?eid=ARBaSR5WLVdmM60fRG9yuuJ0b1Yim05jQtqKqDw4YF6tKXNytAcqvv9ptI6tm6sIvwhxDEL7dlWbab1J\"]}]}<\/script>\n<!-- \/ Yoast SEO plugin. -->","yoast_head_json":{"title":"Engager Orfeo - Ensemble Baroque ORFEO","robots":{"index":"index","follow":"follow","max-snippet":"max-snippet:-1","max-image-preview":"max-image-preview:large","max-video-preview":"max-video-preview:-1"},"canonical":"https:\/\/ensembleorfeo.fr\/index.php\/engager-orfeo\/","og_locale":"fr_FR","og_type":"article","og_title":"Engager Orfeo - Ensemble Baroque ORFEO","og_description":"Vous repr\u00e9sentez une municipalit\u00e9, un festival, une association ou seulement vous-m\u00eame,\u00a0et vous souhaitez organiser un concert baroque ? Orfeo a une longue exp\u00e9rience en ce domaine pour avoir n\u00e9goci\u00e9 des dizaines de concerts, avec des collectivit\u00e9s territoriales de toutes tailles. Comment proc\u00e9der\u00a0? Vous\u00a0nous contactez par courrier \u00e9lectronique ou par t\u00e9l\u00e9phone (05 56 80 04 86) &hellip; Continuer la lecture de &laquo;&nbsp;Engager Orfeo&nbsp;&raquo;","og_url":"https:\/\/ensembleorfeo.fr\/index.php\/engager-orfeo\/","og_site_name":"Ensemble Baroque ORFEO","article_publisher":"https:\/\/www.facebook.com\/EnsembleOrfeo\/?eid=ARBaSR5WLVdmM60fRG9yuuJ0b1Yim05jQtqKqDw4YF6tKXNytAcqvv9ptI6tm6sIvwhxDEL7dlWbab1J","article_modified_time":"2020-01-20T10:04:00+00:00","og_image":[{"width":980,"height":309,"url":"https:\/\/ensembleorfeo.fr\/wp-content\/uploads\/2018\/03\/MusiqueBaroque-e1520709088760.jpg","type":"image\/jpeg"}],"twitter_card":"summary_large_image","twitter_misc":{"Dur\u00e9e de lecture estim\u00e9e":"2 minutes"},"schema":{"@context":"https:\/\/schema.org","@graph":[{"@type":"WebPage","@id":"https:\/\/ensembleorfeo.fr\/index.php\/engager-orfeo\/","url":"https:\/\/ensembleorfeo.fr\/index.php\/engager-orfeo\/","name":"Engager Orfeo - Ensemble Baroque ORFEO","isPartOf":{"@id":"https:\/\/ensembleorfeo.fr\/#website"},"primaryImageOfPage":{"@id":"https:\/\/ensembleorfeo.fr\/index.php\/engager-orfeo\/#primaryimage"},"image":{"@id":"https:\/\/ensembleorfeo.fr\/index.php\/engager-orfeo\/#primaryimage"},"thumbnailUrl":"https:\/\/ensembleorfeo.fr\/wp-content\/uploads\/2018\/03\/MusiqueBaroque-e1520709088760.jpg","datePublished":"2017-09-16T15:42:01+00:00","dateModified":"2020-01-20T10:04:00+00:00","breadcrumb":{"@id":"https:\/\/ensembleorfeo.fr\/index.php\/engager-orfeo\/#breadcrumb"},"inLanguage":"fr-FR","potentialAction":[{"@type":"ReadAction","target":["https:\/\/ensembleorfeo.fr\/index.php\/engager-orfeo\/"]}]},{"@type":"ImageObject","inLanguage":"fr-FR","@id":"https:\/\/ensembleorfeo.fr\/index.php\/engager-orfeo\/#primaryimage","url":"https:\/\/ensembleorfeo.fr\/wp-content\/uploads\/2018\/03\/MusiqueBaroque-e1520709088760.jpg","contentUrl":"https:\/\/ensembleorfeo.fr\/wp-content\/uploads\/2018\/03\/MusiqueBaroque-e1520709088760.jpg","width":980,"height":309},{"@type":"BreadcrumbList","@id":"https:\/\/ensembleorfeo.fr\/index.php\/engager-orfeo\/#breadcrumb","itemListElement":[{"@type":"ListItem","position":1,"name":"Accueil","item":"https:\/\/ensembleorfeo.fr\/"},{"@type":"ListItem","position":2,"name":"Engager Orfeo"}]},{"@type":"WebSite","@id":"https:\/\/ensembleorfeo.fr\/#website","url":"https:\/\/ensembleorfeo.fr\/","name":"Ensemble Baroque Orfeo","description":"Direction Fran\u00e7oise Richard","publisher":{"@id":"https:\/\/ensembleorfeo.fr\/#organization"},"potentialAction":[{"@type":"SearchAction","target":{"@type":"EntryPoint","urlTemplate":"https:\/\/ensembleorfeo.fr\/?s={search_term_string}"},"query-input":{"@type":"PropertyValueSpecification","valueRequired":true,"valueName":"search_term_string"}}],"inLanguage":"fr-FR"},{"@type":"Organization","@id":"https:\/\/ensembleorfeo.fr\/#organization","name":"Ensemble Baroque Orfeo","url":"https:\/\/ensembleorfeo.fr\/","logo":{"@type":"ImageObject","inLanguage":"fr-FR","@id":"https:\/\/ensembleorfeo.fr\/#\/schema\/logo\/image\/","url":"https:\/\/ensembleorfeo.fr\/wp-content\/uploads\/2018\/03\/Logo-Orfeo.jpg","contentUrl":"https:\/\/ensembleorfeo.fr\/wp-content\/uploads\/2018\/03\/Logo-Orfeo.jpg","width":1671,"height":2156,"caption":"Ensemble Baroque Orfeo"},"image":{"@id":"https:\/\/ensembleorfeo.fr\/#\/schema\/logo\/image\/"},"sameAs":["https:\/\/www.facebook.com\/EnsembleOrfeo\/?eid=ARBaSR5WLVdmM60fRG9yuuJ0b1Yim05jQtqKqDw4YF6tKXNytAcqvv9ptI6tm6sIvwhxDEL7dlWbab1J"]}]}},"_links":{"self":[{"href":"https:\/\/ensembleorfeo.fr\/index.php\/wp-json\/wp\/v2\/pages\/73","targetHints":{"allow":["GET"]}}],"collection":[{"href":"https:\/\/ensembleorfeo.fr\/index.php\/wp-json\/wp\/v2\/pages"}],"about":[{"href":"https:\/\/ensembleorfeo.fr\/index.php\/wp-json\/wp\/v2\/types\/page"}],"author":[{"embeddable":true,"href":"https:\/\/ensembleorfeo.fr\/index.php\/wp-json\/wp\/v2\/users\/40"}],"replies":[{"embeddable":true,"href":"https:\/\/ensembleorfeo.fr\/index.php\/wp-json\/wp\/v2\/comments?post=73"}],"version-history":[{"count":7,"href":"https:\/\/ensembleorfeo.fr\/index.php\/wp-json\/wp\/v2\/pages\/73\/revisions"}],"predecessor-version":[{"id":1016,"href":"https:\/\/ensembleorfeo.fr\/index.php\/wp-json\/wp\/v2\/pages\/73\/revisions\/1016"}],"wp:featuredmedia":[{"embeddable":true,"href":"https:\/\/ensembleorfeo.fr\/index.php\/wp-json\/wp\/v2\/media\/780"}],"wp:attachment":[{"href":"https:\/\/ensembleorfeo.fr\/index.php\/wp-json\/wp\/v2\/media?parent=73"}],"curies":[{"name":"wp","href":"https:\/\/api.w.org\/{rel}","templated":true}]}}